7*k - 5. Let x(w) = -4*w**2 + 29*w + 21. Let y(p) = 9*q(p) + 2*x(p). Calculate y(f).
-3
Let b(l) = -5*l**2 + 9. Let o(n) be the first derivative of -n**3/3 - n**2/2 + n + 2. Let p(w) = b(w) - 4*o(w). Determine p(5).
0
Suppose 0 = 3*i + 16 + 2. Let f(x) = x**2 + 6*x - 4. Calculate f(i).
-4
Let z(w) be the second derivative of -w**3/3 + 7*w**2/2 - 5*w. Give z(7).
-7
Let p(v) = v - 2. Suppose 0 = 3*q - 5*d - 22 - 19, 0 = -5*q + 3*d + 79. Let r = q - 13. Calculate p(r).
2
Let r(k) = -k**2 - 8*k - 7. Suppose -4 = -4*s + 4. Suppose -z - 7 - 7 = -3*t, t = s. Let y be (4/z)/((-1)/(-10)). What is r(y)?
8
Let p(j) = -j**3 - 4*j**2 - 4*j - 3. Let s be 1/(-1*(-2)/(-40)). Let r = -23 - s. Give p(r).
0
Let c(w) = 2*w**2 - 2. Let l be (-4 - 20)/6 + 2. Calculate c(l).
6
Let n(a) be the third derivative of -a**5/120 - a**4/12 - 2*a**3/3 + 5*a**2. Let h(w) be the first derivative of n(w). Suppose z = 2 - 4. What is h(z)?
0
Let c(v) = v - 5. Let z be 0/(-4)*6/12. Determine c(z).
-5
Let u(g) = -4*g**3 + 6 - 4*g**2 + 6*g + g**3 + 2*g**3. Suppose -3*d + 0*d = -15. Let s be 1/(2 - 11/d). Give u(s).
1
Let i(w) = -w**2 + 1 + 3 - 3*w + 5*w. Let n(x) = 2*x**2 - 3*x - 9. Let t = -5 + 0. Let o(s) = t*i(s) - 2*n(s). What is o(4)?
-2
Let w(j) = -47*j**2 + 20*j - 3. Let t(n) = -16*n**2 + 7*n - 1. Let g(y) = -17*t(y) + 6*w(y). Determine g(1).
-10
Suppose -3*u - 23 = -3*a + 2*u, -25 = -5*a + 5*u. Suppose s - 4*s = 2*h - 13, -6 = -3*h. Let i(d) = 9*d**2 - 3*d + s*d - 6*d**2 + 1 - 2*d. Give i(a).
2
Suppose -28 + 8 = 4*a. Let n(q) be the second derivative of -1/3*q**3 + 0 - 3*q - 7/2*q**2. Give n(a).
3
Let w(m) = m**2 + 6*m + 5. Suppose 0 = -5*c - 7*j + 2*j - 25, -j + 15 = -4*c. Calculate w(c).
-3
Let c(p) be the third derivative of -p**8/20160 + p**7/1680 + p**6/144 + p**5/60 + 5*p**2. Let f(n) be the third derivative of c(n). Calculate f(4).
1
Let h(a) = -11 - 7*a - 6*a**2 + 8 + 7*a**2. Give h(7).
-3
Let w(f) = f**3 + 4*f**2 + 3*f + 5. Suppose 5*d = -4*g - 66, g = 3*d + 12 + 14. Let t be (d/5)/(2/4). Give w(t).
-7
Let g(b) = 11*b**2 - 5. Suppose 0 = -4*a - 0*a + 16. Let p(s) = -5*s**2 + 2. Let d(q) = a*g(q) + 9*p(q). Give d(3).
-11
Let h(t) = t**3 + 5*t**2 - 5*t + 2. Let j be h(-6). Let d(l) = l**3 + 2*l**2 - 5*l - 1. Calculate d(j).
-13
Let t(m) be the second derivative of 1/12*m**4 + 3/2*m**2 + 0 + 1/6*m**3 + 9*m. Suppose -2*x + 3*a - 12 = -0*a, -16 = -4*a. Determine t(x).
3
Let o(j) = j**3 - 4*j**2 - j + 5. Let a(z) = -2*z**3 + 9*z**2 + 2*z - 11. Let b(f) = 6*a(f) + 13*o(f). Calculate b(-2).
1
Let g be 1 + -2 + 3 + -3. Let p(o) = -3*o - 4. Let j(l) = -l - 1. Let x(z) = g*p(z) + 2*j(z). Suppose 15 = -3*b, -4*f - 4 = -2*b - 10. Give x(f).
1
Let p(o) be the third derivative of o**6/120 - 2*o**5/15 + 7*o**4/24 + 7*o**3/6 + 2*o**2. Let w be p(7). Let s(c) = w*c - 7*c - c**2 + 3. What is s(0)?
3
Let t(j) be the second derivative of 5/12*j**4 + 1/20*j**5 + j**2 + 5/6*j**3 - 5*j + 0. Calculate t(-3).
5
Let l(p) = 5*p - 4. Let n(j) = -j**2 + 8*j + 14. Let d be n(10). Suppose -3*c + 2 + 1 = 0. Let r(w) = w + 1. Let k(u) = c*l(u) + d*r(u). Give k(0).
-10
Let z(b) = -2*b + 4. Let n(g) = g**3 + 5*g**2 + g + 2. Let f be n(-5). What is z(f)?
10
Let z(k) be the third derivative of -k**6/120 - k**5/12 - k**4/6 + k**3/6 + 10*k**2. Calculate z(-3).
-5
Let c(w) = -3*w**2 + w - 4. Suppose 2*r = 2*a, 2*a = -4*r + 1 + 5. Let k(j) = a + 3*j**2 + 0*j**2 - 2*j**2. Let t(y) = 4*c(y) + 11*k(y). Give t(4).
-5
Let h(v) = -v + 6. Suppose 0*w = 5*w. Let p be (w + -1)*(-8)/1. Give h(p).
-2
Let d(t) = t - 2*t**2 + 3*t**3 - 4 + 2*t**2 + t**2 - 4*t**3. Let q = -17 + 17. Determine d(q).
-4
Let l(d) = -16*d - 35. Let f(w) = -11*w - 9. Let a(o) = -5*o - 5. Let v(x) = -5*a(x) + 2*f(x). Let c(q) = -2*l(q) - 11*v(q). Determine c(-6).
-1
Let a(j) = -j**3 - 3*j**2 - 4. Let w be a(-3). Let d = w + -2. Let h(t) = t**2 + 7*t + 8. Give h(d).
2
Let s(i) = i**2 + 2*i + 1. Let d be s(-3). Let b(w) be the second derivative of 0 - 2*w + 1/6*w**3 - w**2 + 1/20*w**5 - 1/3*w**d. What is b(4)?
2
Let o(d) = -1 - d**2 + 2*d + d - 4*d. What is o(-1)?
-1
Let d(j) be the third derivative of -j**5/60 + 5*j**4/24 + 7*j**3/6 - j**2. Suppose 4*y = -c - 19, 4*c - 2*y = 16 - 2. Let s be (6 - 7)/(c/(-5)). Give d(s).
7
Let d(h) = -2*h + 24. Let p(a) = -a + 11. Let j(g) = 6*d(g) - 13*p(g). Suppose -q = q - 12. Suppose 0 + q = 2*l. Give j(l).
4
Let n(j) be the second derivative of j**4/12 - 5*j**3/6 + j**2 - 14*j. Determine n(5).
2
Let w(d) = 2*d - 7. Let b(q) = -q + 7. Let a(k) = 3*b(k) + 2*w(k). Suppose 2*f = -1 - 9. Determine a(f).
2
Let u(i) = i**2 - 8*i - 3. Let d = -21 - -30. What is u(d)?
6
Let j(v) = -v**2 - 2*v + 4. Suppose -4*n - q - 22 = 0, 0*n - 32 = 4*n - 4*q. Let w be 33/(-9) - 4/n. Let r be (w/4)/((-3)/12). Give j(r).
-11
Let i(l) = -26 - l - 4*l + 8*l**2 + l**3 + 6*l - 7*l**2. Calculate i(0).
-26
Let w = 1 - 10. Let b be (-6)/4*24/w. Let x(v) = v**2 - 4*v - 1. Determine x(b).
-1
Let x(c) = 3 + 3 + 7*c - 4*c**3 - 4 + 3*c**3 - 5*c**2. Let o = -3 - 3. Let h be x(o). Let d(a) = -2*a - 2. Give d(h).
6
Suppose 4*d = -0 + 12, 0 = -2*j - 4*d + 38. Suppose 3*i + j = -m, -4*m - 7 = i - 21. Let w(p) = -p**2 - 7*p - 1. What is w(i)?
5
Let a(q) = -2*q + 3. Suppose -b = -3*r + 13 + 4, -2*r = -2*b - 18. Suppose -r*t = -0*t - 8. Suppose -4*n + 12 = 2*g, t*g = 4*n + 5*g - 12. Give a(n).
-3
Let j(b) = 6*b + 1. Let k be (2 - 3) + -2 - -1. What is j(k)?
-11
Let u(t) be the first derivative of -t**3/3 + 3*t**2/2 + 7*t + 7. Suppose -g = 2*g + 5*f - 13, -4*g + 21 = 3*f. Give u(g).
-11
Let s(f) = -f**3 + f**2 - f - 2. Let j = 6 - -4. Suppose 2*t + 0*y = 3*y - 8, -3*t + 4*y = j. What is s(t)?
-8
Let y = -41 + 38. Let f(d) = -2*d**2 - 3*d - 3. Give f(y).
-12
Let f(m) = m + 2. Suppose -v = -1, 13*v - 10*v - 31 = -4*o. Calculate f(o).
9
Let s be (0 - -2)/1 + -2. Let h(y) = s*y + 0*y - 7*y**2 - 3*y + 5 - y**3. Give h(-6).
-13
Suppose -3*p - f + 3 = 2*f, 0 = -4*p + f + 19. Let h(a) = -p - 3 + 3*a + 7. Let u be h(-2). Let d(y) = y + 10. What is d(u)?
4
Let j be (18/27)/((-4)/(-18)). Suppose 5*u + j - 28 = 0. Let c(t) = -2*t - 5. Calculate c(u).
-15
Let o(n) = n**3 - n**2 - 5*n + 2. Let h be o(3). Suppose w - 1 = h. Let z(j) = -w*j**2 - j - 3*j**2 + 7*j**2. What is z(1)?
-3
Suppose -2*g + 4*d = 12 - 30, 5*g - 5*d - 30 = 0. Let v(b) = -6 + b**3 + 0*b**2 + 0*b**g + 1 + 5*b**2. What is v(-5)?
-5
Let u(c) = 4 - c + 0 + 1. Suppose -5*n = -5*q - 55, 2*n + 6*q = 2*q - 8. Calculate u(n).
-1
Let u(t) = -4*t**2 + t - 1. Let w = 45 - 23. Let b be (-48)/w + (-6)/(-33). Let r = b + 3. Give u(r).
-4
Let r = -7 - -7. Let m(g) = g**3 - g**2 - 6. Give m(r).
-6
Let m(b) = -1 + 2*b - 3*b - 2*b + b. Suppose 4*w - 3 - 5 = 0. Give m(w).
-5
Let v = 1 + -1. Let g(u) = 1 + v - u + 5*u + 2. Let h be g(-2). Let w(i) = i**3 + 6*i**2 + 4*i - 2. Determine w(h).
3
Let g(u) = -4*u + 1. Let n be g(-1). Suppose 3*l - 12 = -0*l. Let y(a) = -l - 6*a + 5 + 5 + a**2. Calculate y(n).
1
Let j be 6/(-9) - (-26)/3. Let l = 8 - j. Let s(z) = -z + 7. Determine s(l).
7
Let c(n) = n**3 + n + 1. Let h(p) = p**2 - 6*p - 1. Let x = 8 + -2. Let a be h(x). What is c(a)?
-1
Let u(h) = -13*h + 5 + 19*h - 8*h + h**2. What is u(4)?
13
Let s = -6 - -9. Let a(c) = s*c**2 - 4*c + 3*c + 1 - 4*c**2. What is a(0)?
1
Let f(n) = n**2 - 2*n - 5. Let a be f(4). Let k(d) = -4 + 1 - a*d + 3. Let r(b) = -6*b + 1. Let q(w) = 5*k(w) - 3*r(w). Determine q(3).
6
Let a(i) = -3 + 13 - 5*i - i**2 - 6. Determine a(-6).
-2
Let y(m) = m + 8. Let d(r) = -2*r - 6. Let t(j) = -2*d(j) - 3*y(j). Calculate t(7).
-5
Let l(m) = m**3 + 3*m**2 + m + 3. Let k(z) = -z**3 + z**2 + z + 6. Let f be k(0). Suppose -f = 4*i - 2. Let q(a) = -2*a**2 - 1. Let n be q(i). Give l(n).
0
Let c be (1/(-2))/(1/2). Let v(t) = t**3 - 3*t**2 + 2*t + 1. Let x be v(2). Let i = x - c. Let s(u) = 2*u**2 - 2*u. Give s(i).
4
Let q(r) = -r**2 + 3*r + 6. Let f = 11 - 6. Determine q(f).
-4
Let d(b) = b - 4. Let y be d(7). Suppose 5*z + 5 = -20, 5*u - y*z - 20 = 0. Let m(f) = -4*f**2 - 1. Calculate m(u).
-5
Let t(q) = q - 9. Let m be (-1)/((-2)/6) + 3. Let r = -1 + m. Determine t(r).
-4
Let y(g) be the second derivative of 1/6*g**4 + 1/5*g**5 - 1/6*g**3 + 0*g**2 + 0 + g. Determine y(1).
5
Let g(z) be the third derivative of -z**5/60 + z**4/12 - 8*z**2. Determine g(3).
-3
L